) = -j**3 + 8*j**2 - 12*j - 3. Let n(g) = g**2 - 17*g + 47. Let i be n(14). What is the remainder when (-134)/(-4) + 1/(-2) is divided by p(i)?
9
What is the remainder when (-25 - -22)/(-1 - 1588/(-1594)) is divided by 32?
29
Suppose 4*s = -4*p, -4*p - 3*s = -6*p - 10. Let t(n) = -9*n**3 - 2*n**2 - 2*n - 4. What is the remainder when t(p) is divided by 22?
20
Suppose 5*a - 2*z + 0 = 37, -4*z - 18 = -2*a. Let k(n) = n - 5. Let f be k(a). What is the remainder when 3 + 20 - (-1 - f) is divided by 14?
12
Suppose 3*p - 7*p = -5*y - 315, -3*y + 15 = 0. What is the remainder when 138 is divided by p?
53
Suppose -16*k + 14*k = -20. Suppose 13*a - 219 = k*a. Calculate the remainder when a is divided by 19.
16
Let s(q) = 16*q + 3. Let k be s(2). Let v = -27 + k. Calculate the remainder when v is divided by 5.
3
Let z = 15 - 13. Suppose 0*x = x - z, 2*a = -3*x + 12. Suppose -17 = a*l - 4*l. Calculate the remainder when 64 is divided by l.
13
What is the remainder when 78 is divided by 8/60*237 + 9/(-15)?
16
Suppose -3*i + 262 = -0*i + 4*u, -2*i + 4*u + 168 = 0. Calculate the remainder when i is divided by 15.
11
Let r be (-1588)/(-10) - (-3)/15. What is the remainder when r/5 - (-3 - (-56)/20) is divided by 17?
15
Suppose -3*y - 11 + 83 = 0. Let b be (-18 - -14) + 3*3. Suppose -g - 8 = 5*o, -g + b*g - 5*o - 43 = 0. What is the remainder when y is divided by g?
3
Suppose 21*c - 30*c = -7542. Calculate the remainder when c is divided by 84.
82
Let w(o) = 126*o**3 - o**2 + o. Let b be w(1). Suppose 9 = -3*i + b. What is the remainder when 153 is divided by i?
36
Let z(q) = -7*q**2 + 2*q. Let t = -1 - -3. Let m be z(t). Let c = 97 + m. Calculate the remainder when c is divided by 19.
16
Let y = 92 + -91. Calculate the remainder when 0 - 1/((-3)/3) is divided by y.
0
Let d(m) = 2*m**3 - 4*m**2 + 3*m + 7. What is the remainder when d(8) is divided by 25?
24
Suppose -4*l = j - 74, 0 = 5*j + 7*l - 6*l - 370. Calculate the remainder when j is divided by 51.
23
Suppose 0 = 3*a - 3*l - 210, -4*a - 7*l = -2*l - 325. Suppose -5*x - 5 = 0, -x + 1087 = 5*u + 1033. Calculate the remainder when a is divided by u.
9
Calculate the remainder when 164 is divided by (-9)/18*(-182 - -4).
75
Let v = 73 + -46. What is the remainder when v is divided by (-16)/(((-8)/20)/(8/40))?
3
Suppose -2*t + 4*t - 26 = -2*a, -3*a - 2*t + 38 = 0. Suppose a = -2*s + 40. Calculate the remainder when 32 is divided by s.
4
Suppose 0 = -10*h + 5*h + 80. Suppose 0 = 2*f - 2*i - 280, 2*i - 2 = -0. Suppose 0 = -0*r + 3*r - f. Calculate the remainder when r is divided by h.
15
Let w = -52 - -43. Let b = w + 16. Let f(r) = 2*r**2 - 6*r + 4. What is the remainder when f(5) is divided by b?
3
Suppose 3*x + 874 = 22*x. Suppose 31 = -4*f - 21. Let y = f + 25. What is the remainder when x is divided by y?
10
Let h = -11 + -1. Let l(f) = -2*f - 21. Let n be l(h). What is the remainder when 22 is divided by (160/30)/(2/n)?
6
Calculate the remainder when 28689/584 - 2/16 is divided by 15.
4
Let d(v) = 234*v + 14. Let w be d(-8). What is the remainder when 52/(-234) - w/18 is divided by 21?
19
Let j(f) = -44*f + 8 + 8 - 42*f + 85*f. What is the remainder when (-1)/(-2) - 46/(-4) is divided by j(9)?
5
Let m = -10 - 13. Let p = m + 36. Let s = 11 - -26. Calculate the remainder when s is divided by p.
11
Let m(y) = -33*y - 28. Let d(p) = -11*p - 9. Let t = -6 - 1. Let q(i) = t*d(i) + 2*m(i). What is the remainder when q(5) is divided by 21?
20
Let s(y) = -y - 3. Let w be (-3 - 2*-2) + 3. Let h be s(w). Let r = 10 - h. Calculate the remainder when r is divided by 5.
2
Let j = 38 - 39. What is the remainder when 2 + (3 - 90)/j is divided by 18?
17
Suppose -5*t - 2*s = 4 - 65, 4*s + 73 = 5*t. Suppose 3*b - 116 = t. Calculate the remainder when b is divided by 15.
13
Let y(m) = m**2 + 9*m - 6. Let x be y(3). Calculate the remainder when 12 is divided by (x/18)/((2 - 3)/(-6)).
2
Let d(y) = 21*y - 4. Let n be d(1). Let u(c) = -c**2 + 18*c - 6. What is the remainder when 21 is divided by u(n)?
10
Suppose 4*b + 0*u + 2*u - 1360 = 0, 5*b - 1726 = 4*u. What is the remainder when b is divided by 69?
66
Let u = 208 + -200. Let v(y) = 2*y - 1. Calculate the remainder when u is divided by v(3).
3
Let l = -1174 + 1328. Calculate the remainder when l is divided by 154.
0
Let o(a) = -a + 2. Let r(d) = -12*d + 45. Let m(y) = -15*o(y) + r(y). What is the remainder when 58 is divided by m(0)?
13
Let a = -184 - -273. Calculate the remainder when a is divided by 9 - 36/(-8 - -4).
17
Let x = 475 - 466. Calculate the remainder when 29 is divided by x.
2
Suppose -5*z - 14 = 6, 0 = -5*r - 5*z + 110. Let o(d) = d**3 + d**2 + d + 51. Calculate the remainder when o(0) is divided by r.
25
Suppose 217 = 2*i + 69. Let z be (-2)/3 + 150/(-18). Let h = 16 - z. Calculate the remainder when i is divided by h.
24
Let l(i) = -2*i**2 - 14*i + 9*i + 2 + 4*i - 4*i - 5*i**3. Calculate the remainder when 84 is divided by l(-2).
40
Let k(g) = -6*g**2 + 3*g + 1. Let f(m) = -5*m**2 + 3*m + 1. Let u(b) = 7*f(b) - 6*k(b). Let z = -9 - -26. Calculate the remainder when z is divided by u(-4).
2
Let u be 4*(-39)/6*2. Let h = 73 + u. What is the remainder when 39 is divided by h?
18
Let n = -1174 - -1436. Calculate the remainder when n is divided by 68.
58
Let k = -15135 + 15158. Let j = -142 - -208. Suppose -j + 22 = -x. What is the remainder when x is divided by k?
21
Let c(v) = v**3 - 10*v**2 + 10*v - 5. Let k be c(9). Suppose 5*f = a - 81, -k*a = -2*a + f - 107. Calculate the remainder when 166 is divided by a.
54
Let x(l) = 4*l**2 + 18*l - 23. Calculate the remainder when x(-8) is divided by 3 + ((-144)/(-3))/4.
14
Let c(u) = -30*u - 258. What is the remainder when c(-15) is divided by 18?
12
Let m(b) = 31*b - 1. Suppose -69*a + 384 = -66*a + 5*j, 5*j = 30. Calculate the remainder when a is divided by m(1).
28
Let l be 3*3/(-3) - -22. Suppose -2*v = 4*t - 116, -4 = 3*t - l. What is the remainder when 189 is divided by v?
45
Suppose -721 = -5*h - 81. Let l = -114 + h. What is the remainder when 54 is divided by l?
12
Let x be ((-1590)/(-4))/(-3)*(-26)/13. Let v = x - 154. Calculate the remainder when v is divided by 28.
27
Suppose 20 = 5*g, -17 = 4*d - 5*g - 133. Suppose 0 = -w - 5*w + 78. What is the remainder when d is divided by w?
8
Let p(l) = -3*l - 10. Calculate the remainder when 88 is divided by p(-16).
12
Suppose -524 = -13*a - 147. What is the remainder when 53 is divided by a?
24
Suppose 5*w - 83 = 3*p, -19 = -4*w - 4*p + 41. Let b(i) = -i**2 + 8*i + 6. Let h be 3 - (3 - (5 + 3)). What is the remainder when w is divided by b(h)?
4
Suppose 26*n - 6*n = 780. What is the remainder when n is divided by 5?
4
Let h = -48 - -51. Suppose 0 = -h*d + 7*d - 260. Let z(s) = 2*s**2 - 3*s - 3. What is the remainder when d is divided by z(4)?
14
Let v(a) = -2*a + 14. Let o be v(-5). Calculate the remainder when (61*8/10)/(o/60) is divided by 31.
29
Let k(w) = -w**2 + 6*w + 4. Let z(f) = f + 2. Let o be z(4). Let s = -16 + 26. Calculate the remainder when s is divided by k(o).
2
Let o = 158 + -143. Calculate the remainder when 221 is divided by o.
11
Let q = -528 + 1052. What is the remainder when q is divided by 31?
28
Let x be 1*(-5 + 8) - 3. Suppose x = -2*m + 2*q + 42, m - 2*q = 21 - 2. What is the remainder when 64 is divided by m?
18
Let y(l) = -40*l + 1. Let m(s) = 17*s - 37. Let p(h) = -8*h + 18. Let q(j) = 4*m(j) + 7*p(j). What is the remainder when y(-1) is divided by q(3)?
13
Suppose -102 = -3*a + 3*b, -2*a = -6*a + 2*b + 136. Calculate the remainder when 92 is divided by a.
24
Suppose -3*a - 2*n - 10 = -53, -2*a - 5*n = -36. Let l = 38 - a. Let u(q) = -q**3 - 2*q**2 + 4*q - 3. Calculate the remainder when l is divided by u(-4).
12
Suppose -4*j = -11 - 5. Let c = -25 + 39. Let z = c + -12. Calculate the remainder when j is divided by z.
0
Let x = -23 + 61. Calculate the remainder when 74 is divided by (x/(-1))/(-13 - -11).
17
Suppose 4*h - i + 5 = 2*h, -5*i + 12 = 3*h. What is the remainder when 20 is divided by ((-80)/6)/h*(-78)/(-65)?
4
Let w(a) = -11*a - 6. Suppose -3*r = 45*r - 960. Calculate the remainder when w(-4) is divided by r.
18
Suppose -4*g - 60 = -4. Calculate the remainder when (g/(-6))/((-1)/(-9)) is divided by 6.
3
Suppose 0 = 1217*z